t u(q) = -7 + 2*q - 2 + 4. Let s be u(5). Suppose 2*f + y - 32 = 0, 2*f - 36*y = -38*y + 34. What is the greatest common factor of s and f?
5
Let l be (6/(-10))/(75/(-250)). Suppose 4*b - 12 = -2*i, -5*b = 4*i - 4*b - 31. Calculate the highest common divisor of i and l.
2
Suppose 4*b - 11 - 69 = 0. Let s be 106/4 + 10/b. Suppose 0 = -36*p + 38*p + 3*t - 477, -2*p = -t - 489. Calculate the greatest common divisor of s and p.
27
Suppose -4*q = -5*t - 101, -17 = 5*t + 8. Suppose -521 = -3*m + 4*j, -q*j + 849 = 5*m - 16*j. Calculate the highest common factor of m and 38.
19
Let m be (-12)/8*(-23 + -1). Suppose 0 = -3*i + 11*i - 32. Let s be (10/i)/((-20)/(-96)). What is the greatest common factor of s and m?
12
Let k be ((-66)/(-8))/(3/72*1). Suppose 5*c - 264 = -2*g, 7*c - 39 = 6*c - 5*g. Calculate the highest common factor of c and k.
18
Suppose 4*r - 24 = -2*i, 3*r = 3*i - 275 + 212. Suppose -w + 7 = -2. Calculate the greatest common divisor of w and i.
9
Let u(k) = k + 10. Let p be (-40)/6*(-2 + -1 + 6). Let y be (-196)/p - 2/(-10). Let g be u(y). What is the highest common divisor of 20 and g?
20
Let r(t) = t**3 - 12*t**2 - 11*t + 2. Let z be r(13). Suppose 20*b - 283 = 677. Calculate the greatest common factor of b and z.
4
Let a = 56 + -36. Let c(h) = h**3 - 28*h**2 + 55*h - 28. Let f be c(26). What is the highest common divisor of a and f?
10
Let x be ((-2)/(-2))/(-35*35/(-51450)). What is the highest common factor of x and 2334?
6
Let q(f) = -f + 16. Let u be q(-20). Let i(r) = -r**3 - 10*r**2 + 2*r + 24. Let k be i(-10). Calculate the highest common factor of u and k.
4
Let g = -59 + 62. Suppose -3*w - g = -4*z - 6, 5 = w. Suppose -d = -s - 4*s + 11, -17 = -z*s - 2*d. What is the highest common divisor of 24 and s?
3
Let y(z) = -642*z - 2573. Let a be y(-5). Calculate the highest common factor of a and 784.
49
Let y(t) = 2*t**3 - 13*t**2 + 34*t - 56. Let l be y(15). Calculate the greatest common divisor of l and 11.
11
Let t = -16611 - -23622. What is the greatest common divisor of 171 and t?
171
Suppose -55*w + 17*w = -1710. Let z be 29 + -1 + (-8)/(-4). Calculate the greatest common factor of z and w.
15
Suppose -3*l + 45 = t, -2*t + 5*t - 135 = 3*l. Let c be ((-55)/15 - 1)/(2/(-45)). Suppose -c*s + 825 = -94*s. Calculate the greatest common divisor of t and s.
15
Suppose -13842 + 77297 = 173*n - 171825. What is the highest common divisor of n and 64?
16
Let b = 113 + -113. Suppose b = -13*v + 12*v - 213. Let n = v - -303. Calculate the highest common divisor of n and 30.
30
Suppose 9*g + 38*g - 423 = 0. Suppose 0*h - h = 0. Let d be 7 + -5 - (h + 0). Calculate the highest common factor of g and d.
1
Let t = 3843 - 3826. Calculate the greatest common divisor of 2227 and t.
17
Suppose -j - 3*y + 11181 = 0, -5*y + 7*y = 6. Calculate the greatest common factor of j and 21.
21
Let q(l) = 159*l - 6177. Let k be q(39). Let r = 10 + -1. Let d be (-6)/(-27) - (-52)/r. What is the greatest common divisor of d and k?
6
Suppose -109*x + 8*x = 0. Let r = -4 + 6. Suppose 2*l = 4*i + 22, -3*l + r*i + 2*i + 27 = x. Calculate the highest common divisor of l and 45.
5
Let a(s) = -s + 32. Suppose 0 = -5*r + 2*k - 31, 3*r = -r + 3*k - 22. Let l be a(r). Calculate the highest common divisor of 13 and l.
13
Let p = -623 - -617. Let d be 493*((-12)/(-36))/((-2)/p). What is the greatest common factor of d and 17?
17
Let g(z) = 22*z**2 + 25*z + 4. Let p be g(-6). Suppose -238 = -v + 5*c - 72, 4*v - p = 2*c. Calculate the highest common divisor of 69 and v.
23
Let a(u) = u**3 - 10*u**2 + 9*u - 39. Let n be a(10). What is the highest common divisor of n and 69?
3
Suppose 3*n + 24 = 5*n. Let d(b) = b**3 - 26*b**2 - 471*b + 1302. Let p be d(38). What is the highest common divisor of p and n?
12
Let b = 0 + 2. Suppose -u - 501 = 4*u + f, -4*f - 504 = 5*u. Let v be (u/35)/((-10)/35). Calculate the highest common divisor of v and b.
2
Let t(p) = p**3 - 11*p**2 - 4*p + 61. Let k be t(11). Suppose -k = 16*f - 21*f + 3*h, 5*f = 2*h + 13. Calculate the greatest common divisor of 4 and f.
1
Let p(q) = 665*q**3 + 15*q**2 - 54*q + 36. Let k be p(3). Calculate the highest common factor of k and 12.
12
Suppose 12*y = 11*y + 9. Suppose 231 = y*c - 849. Let m be (-14 + (-1 - 0))*-1. Calculate the highest common factor of m and c.
15
Suppose -5*j + 104 = -3*j. Suppose -237*m - 14496 = -7369 - 99557. What is the highest common divisor of j and m?
26
Let w(t) = 3*t**2 - 52*t - 24. Suppose 3*j - 2*j - 18 = 0. Let k be w(j). Calculate the greatest common factor of 324 and k.
12
Let m be (-15 + -5)/((-9)/48)*(-30)/(-25). What is the greatest common divisor of m and 5120?
128
Let s be 33/3*2/1. Let n be (-3 - 2) + (2 + 2 - -5). Let f be ((-384)/(-84) - n) + 1228/7. What is the greatest common divisor of s and f?
22
Suppose -5*i + 42 = 4*g, -4*i = -15 + 7. What is the greatest common factor of g and 1120?
8
Suppose -6*b = -4*b - 6. Suppose -5*n + 12 = -b*n. What is the greatest common divisor of n and 162?
6
Suppose -23*b = -19*b - 20. Suppose -4*t + b*t = -3*c + 81, 2*t - 3*c = 144. What is the highest common factor of 90 and t?
15
Let z(u) = -u**3 + u**2 + 6*u + 3. Let p be z(3). Let r be (36/4)/(p/(-2)). Let x be ((-14)/(-4) + -4)*(r + 2). What is the greatest common divisor of 16 and x?
2
Suppose 37*p + 43*p - 10031 = 26369. What is the greatest common divisor of p and 40?
5
Let f(d) = 3*d**2 - 105*d + 522. Let n be f(30). Let g be 2*(7 - (0 + -1)). Calculate the greatest common divisor of n and g.
8
Let t be -4 - (-3)/(9/15). Suppose t = -2*c + 19. Suppose 0 = c*g - 7*g - 180. What is the greatest common divisor of 10 and g?
10
Let f be (-186)/(-24) + 1 + 21/(-12). Suppose -12 = -4*x - m, 3*x - 3*m = -m - 2. Let k be f - 6 - -6*x/4. What is the greatest common factor of k and 3?
1
Suppose -63 = -5*q + 2*t, 3*t - 53 = -4*q - 44. Let j(y) = -y**3 - 2*y**2 + 4*y - 1. Let d be j(-4). Calculate the highest common factor of d and q.
3
Let u(p) = 2*p**2 - 65*p - 135. Let z be u(35). Calculate the highest common divisor of z and 968.
8
Suppose 5*b + a = 48, 0 = 4*b - 5*b + 5*a - 6. Suppose 0 = -5*m - 30, 65*j = 63*j - 4*m - 12. What is the greatest common divisor of j and b?
3
Let m be (1*-7)/(2/(-54)). Let l = 5336 - 5210. Calculate the highest common divisor of l and m.
63
Let y = -292 - -294. Suppose 0 = 12*v - 15*v - 15, -y*o + 257 = -3*v. What is the greatest common factor of o and 11?
11
Suppose 3*d + 2*o - 1938 = 0, 3*o - 1632 = -2*d - 335. Calculate the greatest common factor of d and 46.
46
Suppose -5*f - 234 = -2*v, 5*v + f = 415 + 143. Let i = v + -77. Let b be 3 - 20/i*(-21)/(-6). What is the highest common factor of 2 and b?
1
Let x be ((-246)/8)/((-75)/100). Suppose 89 = 2*v + x. What is the highest common factor of v and 84?
12
Let m be (-27)/5 + 30/(-50). Let h(g) = -4*g - 17. Let r be h(m). Suppose r*k - 144 = 3*k. What is the highest common divisor of 12 and k?
12
Let k be (-60)/350*5 + (-159648)/(-56). Calculate the greatest common factor of 225 and k.
75
Let n be 1/(2 + 831/(-417)). Let m = n + -83. Suppose q + 50 = 5*c, -4*q - m = -4*c - 0*q. What is the highest common divisor of c and 99?
9
Let b be 126*-2*(-35)/70. Let n = 52 - 10. Calculate the highest common factor of n and b.
42
Let y = -20246 - -20290. Let t = -3 + 399. Calculate the greatest common divisor of y and t.
44
Suppose 2*k + 0*k = -10. Let x(p) = p**3 + 7*p**2 + 3*p. Let b be x(k). Calculate the greatest common divisor of b and 21.
7
Suppose 2*v = -4*g + 20, -2*g + 10 = -2*v + 6. Let n(x) = 11*x + 21. Let w be n(g). Calculate the greatest common divisor of w and 26.
13
Let i(g) = -g**3 + g**2 - 54*g - 31. Let n be i(-9). Calculate the greatest common divisor of 805 and n.
115
Let b(i) = -i**3 + 2*i - 283. Let y be b(0). Let g = 433 + y. What is the greatest common divisor of g and 10?
10
Suppose -5*a - 1415 = -5*n, 0 = 5*a + 20. Let x be 0 + -1*6*4. Let h = x + 55. Calculate the greatest common factor of h and n.
31
Suppose -3*b = -2*x - 46, 2*x + 49 - 67 = -b. Calculate the greatest common factor of b and 144.
16
Let p(d) = d**3 + 13*d**2 + 145*d + 1178. Let h be p(-10). Suppose 2*f - 97 = 99. What is the highest common factor of h and f?
14
Let w be (-37110)/(-70) + (1 - (-18)/(-21))/(-1). Let